{"id":54906,"date":"2025-05-31T17:28:08","date_gmt":"2025-05-31T15:28:08","guid":{"rendered":"https:\/\/unique-universe.blog\/consejos-sobre-equipaje-y-preparacion-de-maletas\/"},"modified":"2025-05-31T19:01:08","modified_gmt":"2025-05-31T17:01:08","slug":"consejos-sobre-equipaje-y-preparacion-de-maletas","status":"publish","type":"page","link":"https:\/\/unique-universe.blog\/es\/consejos-sobre-equipaje-y-preparacion-de-maletas\/","title":{"rendered":"Consejos sobre equipaje y preparaci\u00f3n de maletas"},"content":{"rendered":"<p>[et_pb_section fb_built=&#8221;1&#8243; admin_label=&#8221;Header&#8221; _builder_version=&#8221;4.22.0&#8243; _module_preset=&#8221;default&#8221; custom_padding=&#8221;0px||0px||true|false&#8221; collapsed=&#8221;off&#8221; global_colors_info=&#8221;{}&#8221;][et_pb_row column_structure=&#8221;1_2,1_2&#8243; make_equal=&#8221;on&#8221; _builder_version=&#8221;4.27.4&#8243; _module_preset=&#8221;default&#8221; background_enable_image=&#8221;off&#8221; background_size=&#8221;initial&#8221; width=&#8221;100%&#8221; max_width=&#8221;2000px&#8221; custom_padding=&#8221;0px||0px||true|false&#8221; global_colors_info=&#8221;{}&#8221;][et_pb_column type=&#8221;1_2&#8243; disabled_on=&#8221;on|on|off&#8221; _builder_version=&#8221;4.27.4&#8243; _module_preset=&#8221;default&#8221; background_image=&#8221;https:\/\/unique-universe.blog\/wp-content\/uploads\/2024\/02\/IMG_7847.jpg&#8221; background_size=&#8221;initial&#8221; background_position=&#8221;top_left&#8221; background_vertical_offset=&#8221;0%&#8221; custom_padding_tablet=&#8221;&#8221; custom_padding_phone=&#8221;19vh||19vh||true|false&#8221; custom_padding_last_edited=&#8221;on|phone&#8221; global_colors_info=&#8221;{}&#8221;][et_pb_divider show_divider=&#8221;off&#8221; _builder_version=&#8221;4.22.0&#8243; _module_preset=&#8221;default&#8221; height_tablet=&#8221;40vw&#8221; height_phone=&#8221;40vw&#8221; height_last_edited=&#8221;on|desktop&#8221; global_colors_info=&#8221;{}&#8221;][\/et_pb_divider][\/et_pb_column][et_pb_column type=&#8221;1_2&#8243; _builder_version=&#8221;4.27.4&#8243; _module_preset=&#8221;default&#8221; custom_padding=&#8221;5%|8%|5%||true|false&#8221; custom_padding_tablet=&#8221;|||8%|true|false&#8221; custom_padding_phone=&#8221;|||8%|true|false&#8221; custom_padding_last_edited=&#8221;on|tablet&#8221; global_colors_info=&#8221;{}&#8221;][et_pb_text _builder_version=&#8221;4.27.4&#8243; _module_preset=&#8221;_initial&#8221; header_font=&#8221;Rufina|700|||||||&#8221; header_font_size=&#8221;60px&#8221; header_line_height=&#8221;1.2em&#8221; custom_margin=&#8221;||10px||false|false&#8221; header_font_size_tablet=&#8221;40px&#8221; header_font_size_phone=&#8221;24px&#8221; header_font_size_last_edited=&#8221;on|desktop&#8221; global_colors_info=&#8221;{}&#8221;]<\/p>\n<h1>Consejos sobre equipaje y preparaci\u00f3n de maletas<\/h1>\n<p>[\/et_pb_text][et_pb_text _builder_version=&#8221;4.27.4&#8243; _module_preset=&#8221;_initial&#8221; text_font=&#8221;||||||||&#8221; text_font_size=&#8221;18px&#8221; text_font_size_tablet=&#8221;16px&#8221; text_font_size_phone=&#8221;14px&#8221; text_font_size_last_edited=&#8221;on|desktop&#8221; global_colors_info=&#8221;{}&#8221;]<\/p>\n<blockquote>\n<p><strong>A lo largo de los a\u00f1os, he aprendido que elegir el equipaje adecuado no se trata solo de capacidad o durabilidad, sino de encontrar un compa\u00f1ero de viaje que refleje su estilo de viajar.<\/strong><\/p>\n<\/blockquote>\n<p>Ya sea que est\u00e9 saltando de barco en barco o serpenteando por mercados urbanos abarrotados, el equipo que llevo conmigo se convierte en parte de mi traves\u00eda.<\/p>\n<ul>\n<li>\n<p data-start=\"1187\" data-end=\"1232\">Lo que puede esperar en estas rese\u00f1as de equipaje:<\/p>\n<ul data-start=\"1233\" data-end=\"1648\">\n<li data-start=\"1233\" data-end=\"1365\">\n<p data-start=\"1235\" data-end=\"1365\"><strong data-start=\"1235\" data-end=\"1257\">Perspectivas pr\u00e1cticas<\/strong> sobre peso, maniobrabilidad y almacenamiento, para que nunca m\u00e1s tenga que preocuparse por encajar en compartimentos superiores estrechos.<\/p>\n<\/li>\n<li data-start=\"1366\" data-end=\"1500\">\n<p data-start=\"1368\" data-end=\"1500\"><strong data-start=\"1368\" data-end=\"1394\">Consideraciones \u00e9ticas<\/strong> que destacan marcas comprometidas con materiales sostenibles, pr\u00e1cticas laborales justas y producci\u00f3n de bajo desperdicio.<\/p>\n<\/li>\n<li data-start=\"1501\" data-end=\"1648\">\n<p data-start=\"1503\" data-end=\"1648\"><strong data-start=\"1503\" data-end=\"1525\">Pruebas en el mundo real<\/strong> desde calles empedradas en Lisboa hasta senderos polvorientos en la Patagonia, asegurando que cada recomendaci\u00f3n sea rigurosamente examinada.<\/p>\n<\/li>\n<\/ul>\n<p data-start=\"1650\" data-end=\"1912\" data-is-last-node=\"\" data-is-only-node=\"\">Mi objetivo es simple: ayudarle a tomar una decisi\u00f3n informada para que su equipaje se sienta como un amigo de confianza en lugar de una necesidad gravosa. Sum\u00e9rjase, explore las rese\u00f1as y encontremos el compa\u00f1ero de viaje que le acompa\u00f1ar\u00e1 en su pr\u00f3xima aventura inolvidable. <\/p>\n<\/li>\n<\/ul>\n<p>[\/et_pb_text][et_pb_button button_text=&#8221;\u00a1Comencemos!&#8221; module_id=&#8221;lets_go_button_home&#8221; _builder_version=&#8221;4.27.4&#8243; _module_preset=&#8221;_initial&#8221; custom_padding=&#8221;16px|40px|16px|40px|true|true&#8221; global_colors_info=&#8221;{}&#8221;][\/et_pb_button][\/et_pb_column][\/et_pb_row][\/et_pb_section][et_pb_section fb_built=&#8221;1&#8243; fullwidth=&#8221;on&#8221; _builder_version=&#8221;4.25.2&#8243; _module_preset=&#8221;default&#8221; custom_margin=&#8221;0px||||false|false&#8221; custom_padding=&#8221;0px||||false|false&#8221; global_colors_info=&#8221;{}&#8221;][et_pb_fullwidth_post_slider posts_number=&#8221;3&#8243; include_categories=&#8221;570,568,569,579&#8243; show_meta=&#8221;off&#8221; admin_label=&#8221;Fullwidth Post Slider&#8221; _builder_version=&#8221;4.27.4&#8243; _module_preset=&#8221;default&#8221; background_enable_image=&#8221;off&#8221; global_colors_info=&#8221;{}&#8221;][\/et_pb_fullwidth_post_slider][\/et_pb_section][et_pb_section fb_built=&#8221;1&#8243; _builder_version=&#8221;4.27.0&#8243; _module_preset=&#8221;default&#8221; global_colors_info=&#8221;{}&#8221;][et_pb_row column_structure=&#8221;1_3,1_3,1_3&#8243; use_custom_gutter=&#8221;on&#8221; _builder_version=&#8221;4.27.4&#8243; _module_preset=&#8221;default&#8221; width=&#8221;90%&#8221; global_colors_info=&#8221;{}&#8221;][et_pb_column type=&#8221;1_3&#8243; _builder_version=&#8221;4.27.4&#8243; _module_preset=&#8221;default&#8221; custom_padding=&#8221;2vh|2vh|2vh|2vh|true|true&#8221; global_colors_info=&#8221;{}&#8221;][et_pb_text module_id=&#8221;check-in&#8221; _builder_version=&#8221;4.27.4&#8243; _module_preset=&#8221;default&#8221; global_colors_info=&#8221;{}&#8221;]<\/p>\n<h2>Equipaje facturado<\/h2>\n<p>[\/et_pb_text][et_pb_blog fullwidth=&#8221;off&#8221; posts_number=&#8221;9&#8243; include_categories=&#8221;569&#8243; _builder_version=&#8221;4.27.4&#8243; _module_preset=&#8221;default&#8221; dbdb_show_tags=&#8221;off&#8221; global_colors_info=&#8221;{}&#8221;][\/et_pb_blog][\/et_pb_column][et_pb_column type=&#8221;1_3&#8243; _builder_version=&#8221;4.27.4&#8243; _module_preset=&#8221;default&#8221; custom_padding=&#8221;2vh|2vh|2vh|2vh|true|true&#8221; global_colors_info=&#8221;{}&#8221;][et_pb_text _builder_version=&#8221;4.27.4&#8243; _module_preset=&#8221;default&#8221; hover_enabled=&#8221;0&#8243; global_colors_info=&#8221;{}&#8221; module_id=&#8221;carry-on&#8221; sticky_enabled=&#8221;0&#8243;]<\/p>\n<h2>Equipaje de mano<\/h2>\n<p>[\/et_pb_text][et_pb_blog fullwidth=&#8221;off&#8221; posts_number=&#8221;4&#8243; include_categories=&#8221;570,568&#8243; _builder_version=&#8221;4.27.4&#8243; _module_preset=&#8221;default&#8221; hover_enabled=&#8221;0&#8243; dbdb_show_tags=&#8221;off&#8221; global_colors_info=&#8221;{}&#8221; sticky_enabled=&#8221;0&#8243;][\/et_pb_blog][\/et_pb_column][et_pb_column type=&#8221;1_3&#8243; _builder_version=&#8221;4.27.4&#8243; _module_preset=&#8221;default&#8221; custom_padding=&#8221;2vh|2vh|2vh|2vh|true|true&#8221; global_colors_info=&#8221;{}&#8221;][et_pb_text _builder_version=&#8221;4.27.4&#8243; _module_preset=&#8221;default&#8221; hover_enabled=&#8221;0&#8243; global_colors_info=&#8221;{}&#8221; module_id=&#8221;packing&#8221; sticky_enabled=&#8221;0&#8243;]<\/p>\n<h2>Consejos de empaque<\/h2>\n<p>[\/et_pb_text][et_pb_blog fullwidth=&#8221;off&#8221; posts_number=&#8221;9&#8243; include_categories=&#8221;567&#8243; _builder_version=&#8221;4.27.4&#8243; _module_preset=&#8221;default&#8221; dbdb_show_tags=&#8221;off&#8221; global_colors_info=&#8221;{}&#8221;][\/et_pb_blog][\/et_pb_column][\/et_pb_row][\/et_pb_section]<\/p>\n","protected":false},"excerpt":{"rendered":"<p>Consejos sobre equipaje y preparaci\u00f3n de maletas A lo largo de los a\u00f1os, he aprendido que elegir el equipaje adecuado no se trata solo de capacidad o durabilidad, sino de encontrar un compa\u00f1ero de viaje que refleje su estilo de viajar. Ya sea que est\u00e9 saltando de barco en barco o serpenteando por mercados urbanos abarrotados, el equipo que llevo conmigo se convierte en parte de mi traves\u00eda. Lo que puede esperar en estas rese\u00f1as de equipaje: Perspectivas pr\u00e1cticas sobre peso, maniobrabilidad y almacenamiento, para que nunca m\u00e1s tenga que preocuparse por encajar en compartimentos superiores estrechos. Consideraciones \u00e9ticas que destacan marcas comprometidas con materiales sostenibles, pr\u00e1cticas laborales justas y producci\u00f3n de bajo desperdicio. Pruebas en el mundo real desde calles empedradas en Lisboa hasta senderos polvorientos en la Patagonia, asegurando que cada recomendaci\u00f3n sea rigurosamente examinada. Mi objetivo es simple: ayudarle a tomar una decisi\u00f3n informada para que su equipaje se sienta como un amigo de confianza en lugar de una necesidad gravosa. Sum\u00e9rjase, explore las rese\u00f1as y encontremos el compa\u00f1ero de viaje que le acompa\u00f1ar\u00e1 en su pr\u00f3xima aventura inolvidable. Equipaje facturadoEquipaje de manoConsejos de empaque<\/p>\n","protected":false},"author":2,"featured_media":0,"parent":0,"menu_order":0,"comment_status":"closed","ping_status":"closed","template":"","meta":{"_et_pb_use_builder":"on","_et_pb_old_content":"","_et_gb_content_width":"","_monsterinsights_skip_tracking":false,"_monsterinsights_sitenote_active":false,"_monsterinsights_sitenote_note":"","_monsterinsights_sitenote_category":0,"footnotes":""},"class_list":["post-54906","page","type-page","status-publish","hentry"],"_links":{"self":[{"href":"https:\/\/unique-universe.blog\/es\/wp-json\/wp\/v2\/pages\/54906","targetHints":{"allow":["GET"]}}],"collection":[{"href":"https:\/\/unique-universe.blog\/es\/wp-json\/wp\/v2\/pages"}],"about":[{"href":"https:\/\/unique-universe.blog\/es\/wp-json\/wp\/v2\/types\/page"}],"author":[{"embeddable":true,"href":"https:\/\/unique-universe.blog\/es\/wp-json\/wp\/v2\/users\/2"}],"replies":[{"embeddable":true,"href":"https:\/\/unique-universe.blog\/es\/wp-json\/wp\/v2\/comments?post=54906"}],"version-history":[{"count":2,"href":"https:\/\/unique-universe.blog\/es\/wp-json\/wp\/v2\/pages\/54906\/revisions"}],"predecessor-version":[{"id":54908,"href":"https:\/\/unique-universe.blog\/es\/wp-json\/wp\/v2\/pages\/54906\/revisions\/54908"}],"wp:attachment":[{"href":"https:\/\/unique-universe.blog\/es\/wp-json\/wp\/v2\/media?parent=54906"}],"curies":[{"name":"wp","href":"https:\/\/api.w.org\/{rel}","templated":true}]}}

Consejos sobre equipaje y preparación de maletas

<p>[et_pb_section fb_built=&#8221;1&#8243; admin_label=&#8221;Header&#8221; _builder_version=&#8221;4.22.0&#8243; _module_preset=&#8221;default&#8221; custom_padding=&#8221;0px||0px||true|false&#8221; collapsed=&#8221;off&#8221; global_colors_info=&#8221;{}&#8221;][et_pb_row column_structure=&#8221;1_2,1_2&#8243; make_equal=&#8221;on&#8221; _builder_version=&#8221;4.27.4&#8243; _module_preset=&#8221;default&#8221; background_enable_image=&#8221;off&#8221; background_size=&#8221;initial&#8221; width=&#8221;100%&#8221; max_width=&#8221;2000px&#8221; custom_padding=&#8221;0px||0px||true|false&#8221; global_colors_info=&#8221;{}&#8221;][et_pb_column type=&#8221;1_2&#8243; disabled_on=&#8221;on|on|off&#8221; _builder_version=&#8221;4.27.4&#8243; _module_preset=&#8221;default&#8221; background_image=&#8221;https://unique-universe.blog/wp-content/uploads/2024/02/IMG_7847.jpg&#8221; background_size=&#8221;initial&#8221; background_position=&#8221;top_left&#8221; background_vertical_offset=&#8221;0%&#8221; custom_padding_tablet=&#8221;&#8221; custom_padding_phone=&#8221;19vh||19vh||true|false&#8221; custom_padding_last_edited=&#8221;on|phone&#8221; global_colors_info=&#8221;{}&#8221;][et_pb_divider show_divider=&#8221;off&#8221; _builder_version=&#8221;4.22.0&#8243; _module_preset=&#8221;default&#8221; height_tablet=&#8221;40vw&#8221; height_phone=&#8221;40vw&#8221; height_last_edited=&#8221;on|desktop&#8221; global_colors_info=&#8221;{}&#8221;][/et_pb_divider][/et_pb_column][et_pb_column type=&#8221;1_2&#8243; _builder_version=&#8221;4.27.4&#8243; _module_preset=&#8221;default&#8221; custom_padding=&#8221;5%|8%|5%||true|false&#8221; custom_padding_tablet=&#8221;|||8%|true|false&#8221; custom_padding_phone=&#8221;|||8%|true|false&#8221; custom_padding_last_edited=&#8221;on|tablet&#8221; global_colors_info=&#8221;{}&#8221;][et_pb_text _builder_version=&#8221;4.27.4&#8243; _module_preset=&#8221;_initial&#8221; header_font=&#8221;Rufina|700|||||||&#8221; header_font_size=&#8221;60px&#8221; header_line_height=&#8221;1.2em&#8221; custom_margin=&#8221;||10px||false|false&#8221; header_font_size_tablet=&#8221;40px&#8221; header_font_size_phone=&#8221;24px&#8221; header_font_size_last_edited=&#8221;on|desktop&#8221; global_colors_info=&#8221;{}&#8221;]</p>
<h1>Consejos sobre equipaje y preparación de maletas</h1>
<p>[/et_pb_text][et_pb_text _builder_version=&#8221;4.27.4&#8243; _module_preset=&#8221;_initial&#8221; text_font=&#8221;||||||||&#8221; text_font_size=&#8221;18px&#8221; text_font_size_tablet=&#8221;16px&#8221; text_font_size_phone=&#8221;14px&#8221; text_font_size_last_edited=&#8221;on|desktop&#8221; global_colors_info=&#8221;{}&#8221;]</p>
<blockquote>
<p><strong>A lo largo de los años, he aprendido que elegir el equipaje adecuado no se trata solo de capacidad o durabilidad, sino de encontrar un compañero de viaje que refleje su estilo de viajar.</strong></p>
</blockquote>
<p>Ya sea que esté saltando de barco en barco o serpenteando por mercados urbanos abarrotados, el equipo que llevo conmigo se convierte en parte de mi travesía.</p>
<ul>
<li>
<p data-start="1187" data-end="1232">Lo que puede esperar en estas reseñas de equipaje:</p>
<ul data-start="1233" data-end="1648">
<li data-start="1233" data-end="1365">
<p data-start="1235" data-end="1365"><strong data-start="1235" data-end="1257">Perspectivas prácticas</strong> sobre peso, maniobrabilidad y almacenamiento, para que nunca más tenga que preocuparse por encajar en compartimentos superiores estrechos.</p>
</li>
<li data-start="1366" data-end="1500">
<p data-start="1368" data-end="1500"><strong data-start="1368" data-end="1394">Consideraciones éticas</strong> que destacan marcas comprometidas con materiales sostenibles, prácticas laborales justas y producción de bajo desperdicio.</p>
</li>
<li data-start="1501" data-end="1648">
<p data-start="1503" data-end="1648"><strong data-start="1503" data-end="1525">Pruebas en el mundo real</strong> desde calles empedradas en Lisboa hasta senderos polvorientos en la Patagonia, asegurando que cada recomendación sea rigurosamente examinada.</p>
</li>
</ul>
<p data-start="1650" data-end="1912" data-is-last-node="" data-is-only-node="">Mi objetivo es simple: ayudarle a tomar una decisión informada para que su equipaje se sienta como un amigo de confianza en lugar de una necesidad gravosa. Sumérjase, explore las reseñas y encontremos el compañero de viaje que le acompañará en su próxima aventura inolvidable. </p>
</li>
</ul>
<p>[/et_pb_text][et_pb_button button_text=&#8221;¡Comencemos!&#8221; module_id=&#8221;lets_go_button_home&#8221; _builder_version=&#8221;4.27.4&#8243; _module_preset=&#8221;_initial&#8221; custom_padding=&#8221;16px|40px|16px|40px|true|true&#8221; global_colors_info=&#8221;{}&#8221;][/et_pb_button][/et_pb_column][/et_pb_row][/et_pb_section][et_pb_section fb_built=&#8221;1&#8243; fullwidth=&#8221;on&#8221; _builder_version=&#8221;4.25.2&#8243; _module_preset=&#8221;default&#8221; custom_margin=&#8221;0px||||false|false&#8221; custom_padding=&#8221;0px||||false|false&#8221; global_colors_info=&#8221;{}&#8221;][et_pb_fullwidth_post_slider posts_number=&#8221;3&#8243; include_categories=&#8221;570,568,569,579&#8243; show_meta=&#8221;off&#8221; admin_label=&#8221;Fullwidth Post Slider&#8221; _builder_version=&#8221;4.27.4&#8243; _module_preset=&#8221;default&#8221; background_enable_image=&#8221;off&#8221; global_colors_info=&#8221;{}&#8221;][/et_pb_fullwidth_post_slider][/et_pb_section][et_pb_section fb_built=&#8221;1&#8243; _builder_version=&#8221;4.27.0&#8243; _module_preset=&#8221;default&#8221; global_colors_info=&#8221;{}&#8221;][et_pb_row column_structure=&#8221;1_3,1_3,1_3&#8243; use_custom_gutter=&#8221;on&#8221; _builder_version=&#8221;4.27.4&#8243; _module_preset=&#8221;default&#8221; width=&#8221;90%&#8221; global_colors_info=&#8221;{}&#8221;][et_pb_column type=&#8221;1_3&#8243; _builder_version=&#8221;4.27.4&#8243; _module_preset=&#8221;default&#8221; custom_padding=&#8221;2vh|2vh|2vh|2vh|true|true&#8221; global_colors_info=&#8221;{}&#8221;][et_pb_text module_id=&#8221;check-in&#8221; _builder_version=&#8221;4.27.4&#8243; _module_preset=&#8221;default&#8221; global_colors_info=&#8221;{}&#8221;]</p>
<h2>Equipaje facturado</h2>
<p>[/et_pb_text][et_pb_blog fullwidth=&#8221;off&#8221; posts_number=&#8221;9&#8243; include_categories=&#8221;569&#8243; _builder_version=&#8221;4.27.4&#8243; _module_preset=&#8221;default&#8221; dbdb_show_tags=&#8221;off&#8221; global_colors_info=&#8221;{}&#8221;][/et_pb_blog][/et_pb_column][et_pb_column type=&#8221;1_3&#8243; _builder_version=&#8221;4.27.4&#8243; _module_preset=&#8221;default&#8221; custom_padding=&#8221;2vh|2vh|2vh|2vh|true|true&#8221; global_colors_info=&#8221;{}&#8221;][et_pb_text _builder_version=&#8221;4.27.4&#8243; _module_preset=&#8221;default&#8221; hover_enabled=&#8221;0&#8243; global_colors_info=&#8221;{}&#8221; module_id=&#8221;carry-on&#8221; sticky_enabled=&#8221;0&#8243;]</p>
<h2>Equipaje de mano</h2>
<p>[/et_pb_text][et_pb_blog fullwidth=&#8221;off&#8221; posts_number=&#8221;4&#8243; include_categories=&#8221;570,568&#8243; _builder_version=&#8221;4.27.4&#8243; _module_preset=&#8221;default&#8221; hover_enabled=&#8221;0&#8243; dbdb_show_tags=&#8221;off&#8221; global_colors_info=&#8221;{}&#8221; sticky_enabled=&#8221;0&#8243;][/et_pb_blog][/et_pb_column][et_pb_column type=&#8221;1_3&#8243; _builder_version=&#8221;4.27.4&#8243; _module_preset=&#8221;default&#8221; custom_padding=&#8221;2vh|2vh|2vh|2vh|true|true&#8221; global_colors_info=&#8221;{}&#8221;][et_pb_text _builder_version=&#8221;4.27.4&#8243; _module_preset=&#8221;default&#8221; hover_enabled=&#8221;0&#8243; global_colors_info=&#8221;{}&#8221; module_id=&#8221;packing&#8221; sticky_enabled=&#8221;0&#8243;]</p>
<h2>Consejos de empaque</h2>
<p>[/et_pb_text][et_pb_blog fullwidth=&#8221;off&#8221; posts_number=&#8221;9&#8243; include_categories=&#8221;567&#8243; _builder_version=&#8221;4.27.4&#8243; _module_preset=&#8221;default&#8221; dbdb_show_tags=&#8221;off&#8221; global_colors_info=&#8221;{}&#8221;][/et_pb_blog][/et_pb_column][/et_pb_row][/et_pb_section]</p>

<p>Consejos sobre equipaje y preparación de maletas A lo largo de los años, he aprendido que elegir el equipaje adecuado no se trata solo de capacidad o durabilidad, sino de encontrar un compañero de viaje que refleje su estilo de viajar. Ya sea que esté saltando de barco en barco o serpenteando por mercados urbanos abarrotados, el equipo que llevo conmigo se convierte en parte de mi travesía. Lo que puede esperar en estas reseñas de equipaje: Perspectivas prácticas sobre peso, maniobrabilidad y almacenamiento, para que nunca más tenga que preocuparse por encajar en compartimentos superiores estrechos. Consideraciones éticas que destacan marcas comprometidas con materiales sostenibles, prácticas laborales justas y producción de bajo desperdicio. Pruebas en el mundo real desde calles empedradas en Lisboa hasta senderos polvorientos en la Patagonia, asegurando que cada recomendación sea rigurosamente examinada. Mi objetivo es simple: ayudarle a tomar una decisión informada para que su equipaje se sienta como un amigo de confianza en lugar de una necesidad gravosa. Sumérjase, explore las reseñas y encontremos el compañero de viaje que le acompañará en su próxima aventura inolvidable. Equipaje facturadoEquipaje de manoConsejos de empaque</p>
